 number?
True
Is 7907 composite?
False
Is 292679 prime?
True
Is 10589 composite?
False
Is 9509 composite?
True
Is 11213 prime?
True
Is 15661 a composite number?
False
Is 89351 a prime number?
False
Is 426817 composite?
True
Is 3448909 composite?
True
Is 12191 prime?
False
Is 14995 prime?
False
Is 3453 prime?
False
Is 153623 a composite number?
False
Is 16669 composite?
True
Is 149398 composite?
True
Is 16183 composite?
False
Is 1580867 a prime number?
False
Is 201793 prime?
False
Is 2615 a composite number?
True
Is 2047 a prime number?
False
Is 124549 a composite number?
True
Is 121661 a composite number?
False
Is 42131 prime?
True
Is 208837 a prime number?
True
Is 20617 prime?
False
Is 1060831 a prime number?
False
Is 433033 a prime number?
True
Is 1420841 a composite number?
False
Is 57533 a prime number?
False
Is 42589 prime?
True
Is 431417 a prime number?
False
Is 107039 prime?
False
Is 40693 a prime number?
True
Is 679 composite?
True
Is 16846 a prime number?
False
Is 35723 a composite number?
True
Is 9127 prime?
True
Is 683377 a prime number?
True
Is 579797 a prime number?
False
Is 235369 prime?
True
Is 388691 a prime number?
True
Is 119 a composite number?
True
Is 18493 a prime number?
True
Is 234929 a prime number?
False
Is 80777 prime?
True
Is 192247 a prime number?
False
Is 27641 prime?
False
Is 46601 a composite number?
False
Is 1381595 composite?
True
Is 462331 composite?
False
Is 109789 a prime number?
True
Is 765199 prime?
True
Is 455467 a composite number?
True
Is 24133 composite?
False
Is 17609 prime?
True
Is 4039 a prime number?
False
Is 13907 prime?
True
Is 2609 a composite number?
False
Is 10441 a composite number?
True
Is 147307 prime?
False
Is 5953 prime?
True
Is 4721 composite?
False
Is 2571 a composite number?
True
Is 8141 a prime number?
False
Is 1201346 a prime number?
False
Is 11719 a prime number?
True
Is 734537 a prime number?
True
Is 204469 a composite number?
True
Is 254489 a prime number?
True
Is 6927 prime?
False
Is 3791 composite?
True
Is 68359 prime?
False
Is 66553 composite?
False
Is 31082 a composite number?
True
Is 221 a composite number?
True
Is 6247 a composite number?
False
Is 8779 a prime number?
True
Is 157721 composite?
False
Is 70711 composite?
True
Is 48665 a composite number?
True
Is 107003 a prime number?
False
Is 32831 a prime number?
True
Is 11777 a composite number?
False
Is 434959 prime?
False
Is 19457 prime?
True
Is 28789 a prime number?
True
Is 52477 a prime number?
False
Is 12421 composite?
False
Is 93185 a composite number?
True
Is 796123 composite?
True
Is 11347 composite?
True
Is 229261 a composite number?
False
Is 8131 composite?
True
Is 76918 a composite number?
True
Is 69973 prime?
False
Is 14813 prime?
True
Is 730469 a prime number?
True
Is 233851 a composite number?
False
Is 38821 a composite number?
False
Is 1293547 prime?
False
Is 449833 a composite number?
False
Is 14143 a composite number?
False
Is 207229 a composite number?
True
Is 553034 composite?
True
Is 11379 composite?
True
Is 24523 a prime number?
False
Is 38297 composite?
True
Is 15071 composite?
True
Is 94567 a composite number?
True
Is 18007 a composite number?
True
Is 67903 prime?
False
Is 2101 composite?
True
Is 92923 a composite number?
True
Is 1621 prime?
True
Is 15047 prime?
False
Is 6843 prime?
False
Is 1658255 prime?
False
Is 74539 composite?
True
Is 355595 prime?
False
Is 192749 a prime number?
True
Is 10033 a prime number?
False
Is 1722839 composite?
False
Is 22613 a composite number?
False
Is 169077 prime?
False
Is 47599 prime?
True
Is 139811 prime?
False
Is 46369 a composite number?
True
Is 805517 prime?
True
Is 1089161 a prime number?
True
Is 215069 prime?
False
Is 26899 a composite number?
True
Is 58477 a composite number?
False
Is 922253 a prime number?
False
Is 14954 prime?
False
Is 10589 a prime number?
True
Is 424331 composite?
False
Is 11213 prime?
True
Is 348559 prime?
True
Is 42131 a composite number?
False
Is 715613 prime?
True
Is 16003 a prime number?
False
Is 230887 a prime number?
False
Is 138701 composite?
True
Is 365179 a prime number?
True
Is 44777 a composite number?
False
Is 64553 a composite number?
False
Is 277883 a composite number?
False
Is 499769 a composite number?
True
Is 149 prime?
True
Is 90227 prime?
True
Is 446003 composite?
False
Is 219777 composite?
True
Is 144829 composite?
False
Is 37211 prime?
False
Is 898 a prime number?
False
Is 152731 prime?
False
Is 13157 prime?
False
Is 464339 composite?
True
Is 12721 composite?
False
Is 149011 a prime number?
True
Is 51859 a composite number?
False
Is 17785 a composite number?
True
Is 63211 a composite number?
False
Is 220727 composite?
True
Is 25867 prime?
True
Is 5870395 composite?
True
Is 63599 prime?
True
Is 71935 a prime number?
False
Is 12085 composite?
True
Is 186457 prime?
False
Is 42797 a prime number?
True
Is 32821 a composite number?
True
Is 69733 composite?
True
Is 34273 a composite number?
False
Is 73103 composite?
True
Is 10037 a composite number?
False
Is 22583 a composite number?
True
Is 23531 prime?
True
Is 66791 a composite number?
False
Is 1515147 a composite number?
True
Is 359981 a prime number?
True
Is 1087 prime?
True
Is 205759 composite?
False
Is 16871 composite?
False
Is 47161 composite?
False
Is 83089 prime?
True
Is 209471 composite?
False
Is 62889 prime?
False
Is 11189 prime?
False
Is 2567 prime?
False
Is 27239 a composite number?
False
Is 915955 a prime number?
False
Is 502919 a prime number?
True
Is 5850049 a prime number?
True
Is 24223 a composite number?
False
Is 2317 a prime number?
False
Is 19039 composite?
True
Is 59509 a composite number?
False
Is 170699 a composite number?
True
Is 5333 composite?
False
Is 358 a prime number?
False
Is 75011 a prime number?
True
Is 49807 a prime number?
True
Is 1048093 a composite number?
True
Is 8663 prime?
True
Is 123229 composite?
False
Is 323 a prime number?
False
Is 426211 prime?
True
Is 50359 a prime number?
True
Is 54101 composite?
False
Is 113713 prime?
False
Is 26661 a composite number?
True
Is 401569 prime?
False
Is 295741 composite?
True
Is 7292651 a prime number?
True
Is 5219 a prime number?
False
Is 777869 a prime number?
False
Is 697877 a composite number?
False
Is 22267 composite?
True
Is 11311 a composite number?
False
Is 265079 a composite number?
False
Is 168347 a prime number?
True
Is 853474 prime?
False
Is 473713 a composite number?
True
Is 15259 a composite number?
False
Is 690089 a composite number?
False
Is 631 a prime number?
True
Is 20821 prime?
False
Is 4049 prime?
True
Is 165749 prime?
True
Is 103205 prime?
False
Is 110829 a composite number?
True
Is 3773559 prime?
False
Is 841 composite?
True
Is 407 a prime number?
False
Is 600931 a prime number?
True
Is 112741 a prime number?
True
Is 293941 prime?
True
Is 21533 a composite number?
True
Is 466999 prime?
False
Is 134779 a composite number?
True
Is 11309 prime?
False
Is 2053927 a composite number?
False
Is 4531 prime?
False
Is 1929637 prime?
True
Is 272651 composite?
False
Is 2099 composite?
False
Is 70937 prime?
True
Is 45419 prime?
False
Is 22739 a prime number?
True
Is 9729857 composite?
False
Is 516317 a composite number?
True
Is 37393 prime?
False
Is 6163 prime?
True
Is 493387 prime?
False
Is 305717 composite?
False
Is 182153 a composite number?
True
Is 641 a prime number?
True
Is 30307 composite?
False
Is 68323 a prime number?
False
Is 2284481 a composite number?
False
Is 98305 prime?
False
Is 403743 prime?
False
Is 277051 a composite number?
False
Is 87239 prime?
False
Is 1397 a prime number?
False
Is 6247 composite?
False
Is 89839 a prime number?
True
Is 12361 composite?
True
Is 774313 composite?
False
Is 100693 prime?
True
Is 20785 prime?
False
Is 36187 composite?
False
Is 28979 a prime number?
True
Is 74701 prime?
False
Is 79 a prime number?
True
Is 7133 a composite number?
True
Is 3161 prime?
False
Is 68393 a prime number?
False
Is 20927 composite?
True
Is 123953 prime?
True
Is 660851 composite?
False
Is 14899409 prime?
False
Is 19042 a composite number?
True
Is 11497 a prime number?
True
Is 614477 composite?
False
Is 1137295 composite?
True
Is 9113 composite?
True
Is 28319 a composite number?
False
Is 17557 composite?
True
Is 2411 prime?
True
Is 13669 prime?
True
Is 477461 a c